c (base 13) to base 10.
1078
What is -245 (base 13) in base 12?
-28b
Convert 1101110110 (base 2) to base 5.
12021
Convert 100100100 (base 2) to base 6.
1204
What is 42 (base 16) in base 7?
123
What is 40367 (base 12) in base 16?
145ff
134040 (base 6) to base 12
7320
What is 6888 (base 10) in base 2?
1101011101000
Convert -476a0 (base 11) to base 14.
-1b085
Convert 311 (base 5) to base 11.
74
-10011001111 (base 2) to base 14
-63d
Convert 22010 (base 3) to base 13.
13b
10110111101 (base 2) to base 3
2000102
Convert -4923 (base 10) to base 9.
-6670
What is 10414 (base 6) in base 10?
1450
What is -220 (base 12) in base 8?
-470
What is -130112 (base 4) in base 9?
-2435
Convert -8993 (base 11) to base 2.
-10111000111111
Convert -214310 (base 5) to base 7.
-30510
What is -12033 (base 5) in base 15?
-3e8
What is 31543 (base 6) in base 10?
4311
Convert -5254 (base 6) to base 5.
-14221
Convert -570 (base 12) to base 8.
-1444
What is 120 (base 7) in base 5?
223
-1020200 (base 3) to base 4
-32031
-45484 (base 9) to base 8
-73121
-165 (base 12) to base 15
-eb
6 (base 15) to base 11
6
What is -11022221 (base 3) in base 15?
-e07
Convert -1022121122 (base 3) to base 10.
-25964
Convert 152 (base 9) to base 14.
92
Convert 3771 (base 9) to base 11.
2132
What is 12124 (base 5) in base 13?
554
Convert -2210022 (base 3) to base 4.
-133301
What is -2004 (base 9) in base 15?
-677
a4 (base 16) to base 10
164
What is 38d6 (base 15) in base 7?
50232
3a2 (base 16) to base 13
567
What is -145 (base 7) in base 10?
-82
-11002020 (base 3) to base 9
-4066
What is 586 (base 13) in base 9?
1271
What is -8246 (base 9) in base 3?
-22021120
Convert 22023 (base 4) to base 2.
1010001011
8a70 (base 11) to base 16
2e9f
What is 3101 (base 7) in base 6?
4555
What is -24110 (base 6) in base 16?
-daa
Convert -4122 (base 13) to base 12.
-5249
Convert 11c7 (base 13) to base 14.
cc9
-1145 (base 10) to base 5
-14040
Convert -7dec (base 15) to base 9.
-40646
Convert 23111 (base 5) to base 3.
2021100
-401 (base 14) to base 5
-11120
What is 336 (base 16) in base 8?
1466
-2595 (base 12) to base 4
-1003001
What is -3569 (base 16) in base 15?
-40b8
-101110000 (base 2) to base 12
-268
What is 53162 (base 9) in base 4?
20210321
565 (base 7) to base 9
354
30116 (base 8) to base 13
5823
What is 100000010000001 (base 2) in base 12?
9681
Convert -8252 (base 11) to base 5.
-322242
Convert 1022 (base 4) to base 3.
2202
What is -12310 (base 5) in base 3?
-1022101
-88316 (base 10) to base 15
-1b27b
-4c99 (base 13) to base 6
-122354
-120112 (base 3) to base 15
-1ce
What is -202112 (base 3) in base 10?
-554
What is 109 (base 10) in base 5?
414
-1000222210 (base 3) to base 15
-60a6
11cb (base 13) to base 2
100111100101
-8ff2 (base 16) to base 9
-55484
Convert 4210 (base 8) to base 10.
2184
Convert -45376 (base 9) to base 8.
-72771
Convert 454 (base 11) to base 16.
21f
What is -158a (base 15) in base 2?
-1001000010110
Convert 7565 (base 13) to base 12.
952b
What is -1001101111101 (base 2) in base 14?
-1b65
Convert 1d92c (base 14) to base 5.
4412032
What is -13286 (base 11) in base 12?
-ab8a
Convert -55545 (base 6) to base 12.
-45b5
What is 2232 (base 8) in base 7?
3302
What is -112210 (base 5) in base 10?
-4055
Convert -351 (base 10) to base 9.
-430
Convert 951c (base 14) to base 10.
25702
210200 (base 5) to base 2
1101100001101
-1022022 (base 3) to base 2
-1110111001
What is -346 (base 13) in base 6?
-2341
Convert -10120000 (base 3) to base 15.
-b7c
What is -12012023 (base 4) in base 9?
-37225
What is 1514 (base 7) in base 2?
1001010111
Convert -251034 (base 7) to base 6.
-552523
What is 135011 (base 6) in base 13?
5a5b
-46233 (base 9) to base 12
-159b6
Convert -1a9 (base 11) to base 7.
-462
-16be (base 16) to base 3
-21222122
What is 24604 (base 12) in base 3?
2111120011
-1440515 (base 6) to base 9
-136032
What is 1464 (base 11) in base 16?
75d
What is 11010101 (base 2) in base 14?
113
Convert -20b1 (base 14) to base 9.
-7660
1b94 (base 12) to base 14
1368
Convert 2a387 (base 12) to base 10.
59287
What is -6583 (base 9) in base 7?
-20103
What is -10100002 (base 3) in base 6?
-15132
-4dd (base 15) to base 10
-1108
Convert -5351 (base 6) to base 16.
-4c3
636 (base 7) to base 6
1253
30023 (base 4) to base 6
3335
Convert 10210221 (base 3) to base 14.
1027
Convert 245a8 (base 13) to base 4.
100111031
1210121 (base 3) to base 14
69a
Convert -1d6 (base 16) to base 7.
-1241
1066 (base 11) to base 4
111323
Convert 547a (base 13) to base 7.
46202
What is -401 (base 8) in base 4?
-10001
Convert -2847 (base 14) to base 8.
-15717
Convert -3086 (base 12) to base 14.
-1cd8
Convert 1101 (base 3) to base 9.
41
6a2 (base 12) to base 2
1111011010
What is -1404 (base 6) in base 3?
-111111
322a5 (base 12) to base 15
148a2
312615 (base 7) to base 11
37482
What is 505 (base 6) in base 10?
185
What is -d422 (base 16) in base 8?
-152042
-101111 (base 2) to base 5
-142
-743 (base 9) to base 7
-1524
Convert -1241 (base 7) to base 3.
-122102
30271 (base 8) to base 10
12473
-5747 (base 8) to base 9
-4155
What is -35345 (base 6) in base 2?
-1001111110001
2081 (base 10) to base 9
2762
131012 (base 4) to base 3
2112222
What is -28 (base 9) in base 2?
-11010
212211 (base 4) to base 2
100110100101
Convert -16642 (base 8) to base 14.
-2a9c
Convert -815 (base 16) to base 8.
-4025
-71 (base 15) to base 16
-6a
Convert -11210 (base 12) to base 4.
-11203230
-15248 (base 13) to base 2
-1001110000001000
What is -442 (base 11) in base 14?
-29c
What is -1112220 (base 3) in base 13?
-690
What is 850 (base 10) in base 16?
352
-122030 (base 4) to base 15
-76b
Convert 82c0 (base 13) to base 6.
215354
-11bae (base 15) to base 8
-156477
Convert -23b7 (base 12) to base 14.
-1679
221 (base 9) to base 16
b5
Convert 25429 (base 11) to base 15.
ac02
-112433 (base 5) to base 12
-2472
Convert 32929 (base 10) to base 5.
2023204
108 (base 15) to base 3
22122
57 (base 10) to base 6
133
12321 (base 4) to base 14
237
What is 311505 (base 6) in base 16?
61c1
1021433 (base 6) to base 15
ea89
-34102 (base 5) to base 8
-4542
Convert -4a (base 16) to base 13.
-59
2232 (base 4) to base 3
20110
4618 (base 11) to base 7
23460
What is -b909 (base 12) in base 10?
-20313
What is 23113 (base 7) in base 4?
1130002
Convert 8393 (base 14) to base 11.
16039
Convert 3515 (base 12) to base 3.
22010022
What is 12221021 (base 3) in base 12?
2607
What is -31111210 (base 4) in base 8?
-152544
Convert 514050 (base 6) to base 12.
1b926
Convert -6959 (base 12) to base 13.
-5457
What is -410 (base 6) in base 14?
-aa
What is -10032212 (base 4) in base 6?
-212102
Convert 4417 (base 9) to base 8.
6270
What is -11a5a (base 12) in base 14?
-8a46
-90 (base 13) to base 9
-140
141014 (base 5) to base 6
42355
What is 22523 (base 6) in base 9?
4366
-201440 (base 5) to base 15
-1dd0
What is -27251 (base 8) in base 4?
-2322221
2118 (base 10) to base 8
4106
What is 14010 (base 5) in base 4?
101222
What is 416a (base 15) in base 9?
20861
-22 (base 6) to base 13
-11
-22632 (base 14) to base 9
-136532
Convert -565 (base 10) to base 2.
-1000110101
320324 (base 5) to base 15
3294
What is -564 (base 14) in base 16?
-42c
What is -925c (base 16) in base 6?
-445244
What is 100110001 (base 2) in base 11?
258
What is 3001020 (base 4) in base 10?
12360
Convert 138c (base 13) to base 2.
101100000100
What is 1110111110110 (base 2) in base 4?
1313312
What is 10002002 (base 3) in base 14?
b63
-5067 (base 8) to base 15
-b95
Convert -2334 (base 6) to base 12.
-3aa
Convert 30331120 (base 4) to base 9.
80727
Convert -20a0 (base 12) to base 3.
-11220110
Convert -159d (base 15) to base 5.
-122043
What is -6f3 (base 16) in base 3?
-2102220
What is 152121 (base 7) in base 5?
1421222
What is -10134 (base 5) in base 7?
-1644
2100 (base 13) to base 9
6230
-115bc (base 13) to base 10
-31758
3155 (base 11) to base 2
1000001001110
Convert -11565 (base 8) to base 6.
-35021
What is 111000100000010 (base 2) in base 13?
10225
Convert 3233 (base 4) to base 14.
131
Convert -3565 (base 7) to base 4.
-110221
-12164 (base 8) to base 3
-21011221
What is -167 (base 15) in base 16?
-142
11110110000000 (base 2) to base 14
5a48
-378 (base 14) to base 2
-1010110110
-313313 (base 4) to base 14
-1435
What is -310 (base 11) in base 4?
-11312
Convert -